= c*q + 4 - 2 + 0 + 3 + q**2. Calculate s(x).
5
Let h(y) = 173*y - 342. Let n be 6/(-5)*(-1455)/873. Give h(n).
4
Let g(d) = 2*d**3 - d**2. Let i be g(-1). Let l(b) = 2*b**2 - 16*b + 1. Let x(p) = 2*p**2 - 9*p + 1. Let y(c) = -3*l(c) + 5*x(c). Calculate y(i).
29
Let k(w) be the third derivative of w**4/2 - 19*w**3/6 + 7*w**2 + 274. What is k(8)?
77
Let s be -3 + 3 + (-20)/(-5). Let a(b) = s - 5 + 3*b - b. Let l be (-2)/10*-27 - (-28)/(-70). Give a(l).
9
Let l(f) be the third derivative of -f**6/120 - f**5/15 - f**4/3 - f**3 + 26*f**2. Suppose -17*i + 222 = -91*i. Give l(i).
9
Let w(p) be the third derivative of p**7/840 + p**6/60 - p**5/60 + p**4/6 - 16*p**3/3 + 3*p**2 + 14*p. Let j(v) be the first derivative of w(v). What is j(-6)?
16
Let q(d) be the first derivative of 2/3*d**3 + 74 - d**2 + 3*d. What is q(2)?
7
Let q(x) be the first derivative of -2*x**3/3 + 4*x**2 - 8*x + 944. Give q(3).
-2
Let r(f) be the third derivative of -f**5/30 - 29*f**4/24 - 17*f**3/3 + 670*f**2. Calculate r(-13).
5
Let c(b) be the second derivative of b**5/20 + b**4/12 + 2*b**2 + 369*b + 1. Determine c(-2).
0
Let p = 120 + -122. Let h be (-3 - (-40)/12)/(p/(-54)). Let g be (-24)/(-2)*h/27. Let c(s) = -s**3 + 6*s**2 - 2*s - 2. Give c(g).
22
Let p(j) = j**3 + 14*j**2 - 13*j + 33. Let h be p(-15). Let q(n) = 3*n**2 - 35 + 83 - 47 + n**h - 7*n. Determine q(-5).
-14
Suppose -12 = 26*l - 22*l, -4*l - 6 = 3*m. Let i be 30/75*(m + (2 - -16)). Let a(u) = u**2 - 11*u + 12. Determine a(i).
-12
Let d(l) = l**3 + 8*l**2 - 10*l - 4. Suppose 2*w - 7*w = -105. Let u = -39 + w. Let j be (u/(-6))/(3/(-9)). What is d(j)?
5
Suppose 3 - 13 = -3*q - 5*g, -4*q + 3*g - 35 = 0. Let d be (3/(-6))/(1/(-86)). Let i(n) = 6 + 82*n - 38*n - d*n. What is i(q)?
1
Let i(s) be the third derivative of -s**6/120 + 7*s**5/60 - s**4/4 + s**3/2 - 19*s**2 + s - 14. Let q(t) = -t**2 + 9*t - 2. Let p be q(8). Give i(p).
3
Let r(x) = 3*x - 4. Suppose 4*a + 2*i = -118, -a - 6*i = -i + 52. Let v = 31 + a. Suppose -3*f + 19 = 2*f + l, -4*l + 28 = v*f. Calculate r(f).
5
Let v(r) = -9*r + 2. Let w(s) = -75*s - 4. Let g be w(0). Let a be (-1358)/266 + g/(-38). Determine v(a).
47
Let g(v) be the third derivative of -v**4/8 - 5*v**3/6 + 4*v**2. Suppose 3*k = -4*o + 316 + 121, 0 = -2*o + 3*k + 241. Let s = o - 117. What is g(s)?
7
Let x be (-20)/(-250)*-5*5/2. Let d(s) = 18*s**2. Determine d(x).
18
Let j(f) = 3*f**3 + 2*f - 2. Let p be j(1). Let u(t) = -p - 42*t - 8*t + 49*t. Give u(5).
-8
Let b(p) be the third derivative of p**4/24 + 11*p**3/6 - 2*p**2 - 4. Suppose 10*j = -34 - 36. Give b(j).
4
Let m = -264 + 266. Let g(t) = -8 + 11*t**2 - 13*t**m - 2*t + 3*t**2. Calculate g(4).
0
Suppose -u + 4*s + 6 = 3, -60 = -5*u + 5*s. Let l(d) = -3265 - 3034 + 6313 - d. Calculate l(u).
-1
Let y(l) be the first derivative of 20*l**2 + 180*l + 655. Determine y(-5).
-20
Let a(b) be the second derivative of -b**5/10 + 7*b**4/12 - 5*b**2/2 + 197*b - 8. Calculate a(2).
7
Let d(p) = -176 + 133*p + 171 - 135*p. Let h(w) = w + 4. Let q be h(-9). Give d(q).
5
Let w(m) be the second derivative of m**3/6 + 7*m**2/2 - 17*m - 129. What is w(4)?
11
Let f(d) = -9*d**3 - 31*d**2 + 92*d - 19. Let l(p) = 2*p**3 + 8*p**2 - 22*p + 5. Let k(y) = 3*f(y) + 13*l(y). What is k(9)?
80
Let q(i) = -i**3 - i**2 - i - 9. Let a(o) = o**2 + 7*o. Let y = -35 + 40. Let d = -12 + y. Let t be a(d). What is q(t)?
-9
Let i = -130 - -117. Let v = i - -42. Suppose 3*z = 3*q - 6, q + 3*q + 3*z = v. Let r(h) = -h + 11. Calculate r(q).
6
Let a = -24980 + 24983. Let h(y) be the third derivative of -1/6*y**a + 1/120*y**6 + 1/4*y**4 - 14*y**2 - 1/10*y**5 + 0*y + 0. Determine h(5).
4
Let n = -73 + 75. Let i(l) be the first derivative of -4*l + l**2 - n - 6 + 5*l. Calculate i(2).
5
Let g(m) = -9*m + 79. Let w be (-21)/1 + 28 - 0. Give g(w).
16
Let n(l) = -5*l + 1040*l**2 - 345*l**2 - 6 - 352*l**2 - 344*l**2. Give n(-9).
-42
Let c(f) = f + 17. Let r = 14361 - 14357. Calculate c(r).
21
Suppose -20*p + 16*p - 12 = -4*t, -2*t + 5*p + 6 = 0. Let z(q) = -1 - 3*q + t - 2*q - 4*q + 5 - q**2. What is z(-8)?
15
Let z(v) be the first derivative of 7*v**5/60 + v**3 - 3*v**2/2 + 127. Let u(q) be the third derivative of z(q). Determine u(-2).
-28
Let q(a) = 5*a - 34. Let l be q(9). Let t(n) = 13*n + l*n + 3*n - 15*n. Give t(1).
12
Let q be (1 - 42/30)/((-2)/510). Let f = -108 + q. Let c(h) = h**3 + 7*h**2 + 7*h + 5. Give c(f).
-1
Let x(n) = -3*n - 193334*n**2 - 3*n**3 + 2*n**3 - n + 193325*n**2 + 3*n. Give x(-9).
9
Let k(i) = -19. Let d(x) = -7. Let z(c) = 8*d(c) - 3*k(c). Let o(b) = 4*b - 5. Let m(q) = -o(q) - 3*z(q). Give m(-7).
30
Let l = -361 - -369. Suppose 0 = f - l*f + 112. Let x(q) = q - 12. Calculate x(f).
4
Let y(c) = -c**2 + 7*c + 13. Let k = -26240 + 26254. What is y(k)?
-85
Let n(q) = 4*q**3 - 5*q**2 + 4*q + 5. Let l(h) = -4*h - 10. Let u be l(-1). Let b(c) = 5*c**3 - 6*c**2 + 5*c + 6. Let f(x) = u*n(x) + 5*b(x). Give f(-3).
-30
Let d(p) = -439*p + 103. Let m be d(-24). Let i(z) = -10640*z**2 + 0*z**3 - z**3 + m*z**2 - 18. Determine i(0).
-18
Let h(f) be the third derivative of -3*f**4/4 + 109*f**3/2 - 38*f**2 - 2*f + 18. Calculate h(18).
3
Let l(h) = -h - 2*h - 3*h. Suppose 0 = 4*f - 11 + 3, 0 = t + 5*f - 166. Let z = t - 155. Determine l(z).
-6
Let c(s) = -s**2 - 6*s - 3. Let d be c(-4). Let p(u) = 3*u**3 - u**2 - u - 9. Let g(x) = -23*x**3 + 10*x**2 + 8*x + 64. Let o(j) = 2*g(j) + 15*p(j). Give o(d).
-2
Let a(n) = -25*n + 3 + 52 + 14 + 2*n**2 - 81 + n**3. Calculate a(-6).
-6
Let f(b) be the third derivative of -1/3*b**4 + 4/3*b**3 - 4*b**2 - 1/60*b**5 - 1 + 0*b. Suppose -s + 6*j - j = 29, -2*s - 6 = 3*j. Calculate f(s).
-1
Let j(m) = 2*m + 4. Suppose 4*v + 15 - 3 = 0. Let z(w) = -5*w - 8. Let b(a) = v*z(a) - 7*j(a). Determine b(6).
2
Let i(m) = m**3 - 14*m**2 + 44*m - 2. Let c be i(9). Let a(t) = 13*t**2 + 8*t - 7. Let r(u) = -3*u**2 + u + 1. Let g(s) = a(s) + 4*r(s). Calculate g(c).
-14
Let b(y) be the third derivative of -y**6/120 + y**5/12 + 5*y**4/6 - 4*y**3 - 3*y**2 + 91*y - 6. Determine b(7).
18
Let w(x) = x**3 - 10*x**2 + 3*x - 5. Let r be w(10). Let a(m) = -r + m**3 - 4 + 0*m**3. Let s be -2 + (19 - 16)/(15/10). Calculate a(s).
-29
Let h(w) = 2*w - 6. Let c be h(-7). Let q = -15 - c. Let z(b) = 2 + 4 - q - 2*b. Give z(-3).
7
Let y(g) be the third derivative of g**6/120 + g**5/6 + 5*g**4/8 - 5*g**3/3 + 2*g**2 - 2667. Give y(-8).
-2
Let l(b) = b**3 - 9*b**2 - 38*b + 18. Let d be l(12). Let m(x) be the first derivative of 6*x + 8 + 1/2*x**2. Determine m(d).
0
Let t(w) = 2*w**2 + 2*w - 2. Let d = -27469 + 27464. Give t(d).
38
Let x(b) = -b**3 + 4*b + 3. Let f be 215/86*(48/15)/(-1). Let w = 0 - -6. Let p = w + f. Determine x(p).
3
Suppose -2*l = -16*l - 238. Let r = -28 + 51. Let w = r + l. Let z(x) = -2*x + 5. Determine z(w).
-7
Let u(t) = 4 - 24462*t + 24410*t + 0 - 4. Calculate u(1).
-52
Let a(j) = -6*j**2 + 6*j - 6. Let d = 4603 - 4598. Determine a(d).
-126
Let f(o) = 14*o**3 - 4*o**2 - 26*o + 19. Let t(h) = 5*h**3 - 2*h**2 - 9*h + 6. Let k(n) = -4*f(n) + 11*t(n). Give k(-6).
-40
Suppose -7*m + 10 = 3*m. Suppose -m - 8 = -3*s. Suppose -v - 2*r + s*r - 5 = 0, -2*v - 4 = 4*r. Let h(x) = x**3 + 3*x**2 - 4*x - 1. Determine h(v).
-1
Let u(b) = -b**2 - 5*b + 6. Let f = 504 + -506. Let m be (0 - 4) + f + 15/5. Give u(m).
12
Let l(p) = 23*p - 11. Let z(a) = a - 12. Let m(c) = 7*c - 38. Let j(f) = -2*m(f) + 6*z(f). Let t = -3 + 11. Let g(q) = t*j(q) + 3*l(q). Determine g(5).
24
Let c(p) = 73*p + 4744. Let l be c(-65). Let t(n) = 4*n**3 + n**2 - 1. Determine t(l).
-4
Let t(g) = -8*g + 1. Suppose 2*i = -2*n - n + 25, 4*n + i = 25. Suppose -15 = -p - 2*p, -p = n*c. Let l be c/(1/5*5). Determine t(l).
9
Let n(s) = 52*s + 60*s - 207*s - 1 + 53*s + 52*s. Let r(y) = y**2 + 6*y + 2. Let w be r(-6). Determine n(w).
19
Let m(y) = -6*y + 2. Let o be m(0). Let v be (8 + -6)*1/(o/9). Let a be 6/8*12/v. Let p(s) = s**3 - s**2 + s. What is p(a)?
1
Suppose -16553 = -3*a + 5383. Suppose j + a = 5*j. Let n(c) = -j*c**2 - 4 - 6*c - 3 + 1829*c**2. What is n(5)?
-12
Suppose 0 = -3*d + 7*d - 20, -3 = q - 2*d. Suppose -q*c + 18*c - 55 = 0. Let o(z) = 6 + z - 4 - c. Determine o(6).
3
Let g = -3 - -4. Suppose -h - 6 = 3*d, -3*h - g - 10 = 2*d. Let t be (-2 + h)*1*(0 - -1). Let f(y) = -y**2 - 